. Let n(h) = 2*d(h) + 5*l(h). Give n(1).
-3
Let b = 109 - 112. Let a(p) = -3 + 1 - 2*p + p. Give a(b).
1
Let r(n) = 1 - 20*n - 11*n + 2*n**2 + 29*n. Calculate r(2).
5
Let c be 2*(-5)/30*-3. Let v(r) = 26*r**2 - r. Calculate v(c).
25
Let h(r) = r + 2. Let y = 24 + -24. Calculate h(y).
2
Let m(l) = -7 + 2 + 2 + 21*l + 4*l. Let d(w) = -8*w + 1. Let y(q) = -7*d(q) - 2*m(q). Calculate y(1).
5
Let b(m) be the first derivative of m**4/4 + 5*m**3/3 - 2*m**2 + 6*m - 19. Give b(-6).
-6
Let b(j) = j**3 - 5*j**2 - 1. Let z(i) = -i - 2. Let p be z(-4). Suppose -a + 3*a - 18 = -4*x, -2*a = -6. Let t be 6 - ((x - p) + 0). Determine b(t).
-1
Let d(c) = 2*c - 4. Let l be d(4). Let q = 10 - 8. Let h(t) = -3*t**2 + q + 6*t**2 + 0*t - 2*t**2 - 3*t. Give h(l).
6
Let o(t) = -t - 3. Let m = -13 - -3. Let w be -2*m*2/(-8). What is o(w)?
2
Let m(h) = -3*h + 1. Let s be 10*(0 + -3)/(-6). Suppose -p - 8 - 4 = -s*y, -4*p - 4*y = -24. Suppose -8*o + 5 = -p*o. Determine m(o).
-2
Let i = 6 + -1. Let q(g) = -i*g - 2*g + 11*g - 4 - 3*g. Let d = 0 + 0. Determine q(d).
-4
Suppose 0 = n + 8 - 4. Let u(f) = f - 4. Determine u(n).
-8
Let b(y) = 5*y - 1. Let w(z) be the first derivative of 2*z**2 - z + 3. Let i(q) = -3*b(q) + 4*w(q). Calculate i(6).
5
Let b(c) = 4 + 3*c**2 + c**2 - 3*c**2 + c. Determine b(-3).
10
Let h(d) = -d**2 - 7*d - 7. Suppose 0*r = 5*r. Let j = r - -3. Let p be ((-1)/j)/(2/30). Determine h(p).
3
Let a(m) = -6*m - 7. Let p(v) = -13*v - 15. Let t(l) = 5*a(l) - 2*p(l). What is t(-5)?
15
Let k(u) = 19*u. Let f(l) = -28*l. Let c(n) = -5*f(n) - 7*k(n). Let w(b) = 2*b + 7. Let r be w(-4). What is c(r)?
-7
Let a(i) = i**2 - 2*i + 3. Let u be a(0). Let v(m) = -8*m + 2. Determine v(u).
-22
Let j(m) = 8 - 7 + 7*m**2 + 0*m**2 + m**3. What is j(-7)?
1
Let w(z) = z**2 - 4*z - 7. Let n(j) = j**2 - 4*j - 6. Let r be n(6). What is w(r)?
5
Let r(f) be the second derivative of -f**3/6 - f**2/2 + 2*f. Determine r(3).
-4
Let t(x) = -x**3 - 2*x + 1. Suppose -6*h - 30 = -42. Determine t(h).
-11
Suppose 0 = 5*r + 4*n, -r - 29 = -7*n + 2*n. Let t = 9 + r. Let g(c) = -2*c**3 - 4*c**2 + c**3 + t + 0 + 5*c. What is g(-5)?
5
Let w(a) be the first derivative of a**3/3 + 3*a**2 - 6*a - 2. Give w(-5).
-11
Suppose -4*u = -2*u. Let b = 1 - u. Let c(r) be the first derivative of -5*r**4/2 - r**3/3 + r**2 - r + 1. Calculate c(b).
-10
Suppose 0 = a - 91 + 86. Let d(h) = h - 4. Give d(a).
1
Let j(n) = -n**3 - 6*n**2 + 2*n + 7. Let u(q) = q**3 - 7*q**2 + q + 3. Let l be u(7). Suppose -4 = -x - l. Calculate j(x).
-5
Suppose 21 = 15*j - 18*j. Let u(b) = -b**2 - 9*b - 8. Calculate u(j).
6
Let b(k) be the first derivative of 2*k**2 + 2*k + 6. Calculate b(2).
10
Let s(p) = -3*p + 7. Let l(g) = -2*g + 6. Let w(x) = -4*l(x) + 3*s(x). Calculate w(-4).
1
Let z(p) be the first derivative of -p**4/4 - 5*p**3/3 - 3*p**2 - 5*p - 5. What is z(-4)?
3
Let c(t) = 4*t**2 + 2*t - 12. Let m(y) = 5*y**2 + 2*y - 13. Let k(q) = -6*c(q) + 5*m(q). Determine k(5).
22
Let b(i) = i - 16. Let o be b(15). Let j be -1 + -3 + (-3)/o. Let x(g) = -7*g**3 + 2*g + 1. What is x(j)?
6
Let k(i) = 2*i**2 - 5*i - 5. Let t(y) = -y**2 - y - 1. Let h(j) = k(j) + 3*t(j). Give h(-6).
4
Let o(f) = -3*f - 1. Let b(z) = z**2 + 4*z. Let i be b(-4). Suppose i = -0*m - 3*m - 9. Let c = m - -5. What is o(c)?
-7
Let p(s) be the third derivative of s**6/720 + s**5/60 - s**4/8 - 7*s**2. Let j(n) be the second derivative of p(n). What is j(2)?
4
Let a(m) = 6*m**2 - m - 2*m - 2 + 10*m - 7*m**2. What is a(6)?
4
Let t(l) = -l + 2. Suppose -3*a + 3 = 0, 2*j - 3 + 2 = 3*a. Suppose -1 = -j*f + 3. What is t(f)?
0
Let d(i) = -12 + 13 - 6*i + i - i**2. Determine d(-5).
1
Let w(c) = 13*c**3 + 5*c**2 + 9*c + 5. Let z(j) = -3*j**3 - j**2 - 2*j - 1. Let i(p) = -2*w(p) - 9*z(p). Let f be (2 - -2)/(-4) - -1. Give i(f).
-1
Let c(w) = w**2 + w. Let g(s) = 2*s**2 + 3*s + 2. Let x be g(-2). Let j be ((-2)/(-3))/(x/6). Determine c(j).
2
Suppose 0 = -5*r - 8 - 12. Let u(m) = m + 8. Calculate u(r).
4
Let b be (0 - 18/15)*-5. Let v = b + -6. Let y(i) = 5*i + 2. Let f(r) = -6*r - 2. Let j(k) = 4*f(k) + 5*y(k). Give j(v).
2
Let n(s) be the second derivative of 2*s**3/3 + 7*s**2/2 - 14*s. What is n(5)?
27
Let x(y) = 7*y + 4 - 5 + 0. Calculate x(1).
6
Let l(i) be the second derivative of -i**5/20 - 7*i**4/12 - 2*i**3/3 + 7*i**2/2 - 2*i. Give l(-6).
-5
Let b(o) = o**3 + 5*o**2 + 3*o - 5. Let l be (-2)/10 - 20/25. Let p(t) = -t + 1. Let u(y) = 7*y - 5. Let c(v) = 4*p(v) + u(v). Let g be c(l). What is b(g)?
-1
Suppose -3*a + 3*i + 6 = 0, -2*i = -5 + 3. Let j(z) = 4*z**2 + 13 + 2*z**3 - 8 - 3*z**a + 3*z. Calculate j(5).
-5
Let d = 10 + -5. Suppose -13 = 3*p + y + y, -5*p = -d*y + 5. Let k(s) be the second derivative of s**4/6 + 2*s**3/3 + s**2/2 + s. Determine k(p).
7
Suppose 0 = q - 6 + 3. Suppose 2*w = 2*l - 8, w - 5*l + 3 = -q*l. Let o(j) = 3*j + 6. Calculate o(w).
-9
Let t(h) = 4*h**2 + 3 - 8 + 1 - 3*h**3 + h + 4*h**3. Calculate t(-3).
2
Let k(u) = -u**3 + 6*u**2 - 2*u - 5. Let h(r) = r**2 - 12*r + 16. Let c be h(11). Determine k(c).
10
Suppose -3*z + 11 = -4*r + 2*r, -5 = -5*z. Let s(y) be the second derivative of y**3/2 - 14*y. Determine s(r).
-12
Let h(r) = r**3 + 2*r**2 - 5*r - 3. Let d(i) = -i**2 - 8*i - 10. Let k be d(-7). Give h(k).
3
Let y(q) = -2*q + 1. Let g be y(2). Let i(f) = -f**3 - f**2 - 1. Let l(k) = k**2 + 4*k**2 - 11*k + 9*k + 4*k**3 + 1. Let z(m) = 3*i(m) + l(m). Give z(g).
-5
Let h(a) = a**2 - a + 13. Let l = 2 + -2. What is h(l)?
13
Let a(c) = -c - 8. Let n be -2*(-2 + 50/(-4)). Let t = 18 - 13. Suppose -4*h = -4*m, -t*m - h - n + 5 = 0. What is a(m)?
-4
Let m(h) be the second derivative of -h**3/6 + h**2/2 - 5*h. What is m(7)?
-6
Let f(x) = x**3 + 2*x**2 - 1. Suppose -13*n = -1 + 14. Determine f(n).
0
Suppose -3*w + 2 = -1, 4*w - 10 = -3*t. Let n(l) = -t + 1 + 1 + 3*l. Give n(-2).
-6
Let y(z) be the third derivative of z**7/2520 - z**6/360 - z**5/40 - z**4/8 - z**2. Let h(i) be the second derivative of y(i). What is h(3)?
0
Let g(a) be the second derivative of -a**7/840 - a**6/120 - a**5/60 - a**3/6 - a. Let z(o) be the second derivative of g(o). Determine z(-2).
0
Let m(n) = -3*n**3 + 7*n**2 + 17*n - 9. Let o(c) = -4*c**3 + 11*c**2 + 25*c - 13. Let g(r) = 7*m(r) - 5*o(r). Let j = 4 + -1. Let h = -2 - j. Calculate g(h).
7
Let c(h) = -2*h + 5. Let t(f) = -3*f + 6. Let n(z) = 5*c(z) - 4*t(z). Give n(-4).
-7
Let u = 6 + -10. Let d(k) = -1 + 4 - 1 + 1 + 4*k. What is d(u)?
-13
Suppose 2*r = -2*r - 8. Let i(y) = -10*y - 2. Give i(r).
18
Let d(a) = -a**3 - 6*a**2 - a - 5. Suppose c - 4*c - 3*y - 12 = 0, -4*c - 3*y = 18. Give d(c).
1
Suppose 0 = 3*p - 7*p + 12, 2*v + p = 3. Let a(x) = x**3 - x**2 - 7. What is a(v)?
-7
Let z(w) = 2*w - 7. Let f = -4 + 10. Give z(f).
5
Suppose -3*p - 4*d + 8 = 0, 4*p + 2*d - 4*d = -26. Let s(f) be the second derivative of f**3/6 + 5*f**2/2 - f. Determine s(p).
1
Let d(g) = 0*g**2 + 4*g - 4*g**2 - 6 - g**2 + g**3. Let j = 2 - -2. Give d(j).
-6
Let f(k) be the first derivative of k**4/4 - 2*k**3 + 3*k**2 - 3*k + 22. Determine f(5).
2
Let b be (2/(-5))/(8/(-80)). Let z(f) = f**2 - 5*f - 2. Determine z(b).
-6
Let b(y) = 3*y**2 + 3*y + 1. Let i(k) = 3*k**2 + 4*k + 1. Let z(a) = 3*b(a) - 2*i(a). Determine z(-2).
11
Let i(z) be the first derivative of z**5/120 + z**4/8 + z**3 + 2. Let b(v) be the third derivative of i(v). Determine b(-5).
-2
Let v(x) = -x**3 - 7*x**2 - 4*x + 2. Let f = -8 - -2. Determine v(f).
-10
Let l(t) = -t**3 + t**2 + 2. Let p be l(0). Let s(f) = 4*f**3 + 2*f + 0*f**3 + 1 + 4*f**p - 3*f**2. Calculate s(-1).
-4
Let h(i) = -3*i**2 + 4*i - 4. Let a(n) = 13*n**2 - 15*n + 17. Let z(u) = -2*a(u) - 9*h(u). What is z(4)?
-6
Let c(i) be the second derivative of i**5/20 + i**4/4 - i**3 - 3*i**2 - 11*i. Suppose -5*s - 23 = -3. Calculate c(s).
2
Let p(b) = b**2 - 5*b - 1. Suppose -t = 2*t + 30. Let f be (36/t + 3)*-15. Suppose 24 = 4*v - 5*m - 11, -f = 3*m. Calculate p(v).
-1
Let s be ((-16)/(-2))/2 - 2. Suppose -3*j = 6, 3*a - s*j = -j + 2. Let q(p) = 0*p**3 + a - 5*p**2 - p**3 - 4*p - 1. What is q(-4)?
-1
Let u(j) be the second derivative of 1/2*j**3 - j**2 + 5*j + 0. Determine u(3).
7
Let y(t) = -2*t - 3*t + 1 + t. Suppose 3*i = -2 - 4. Let c be (i/6)/(2/6). Calculate y(c).
5
Let t(j) = -11*j - 23 + 3 + 10 + 9. Determine t(